de 334?
False
Is 900 a multiple of 10?
True
Is 5511 a multiple of 74?
False
Is 858 a multiple of 11?
True
Does 9 divide 774?
True
Is 33 a factor of 1094?
False
Is 831 a multiple of 4?
False
Is 4872 a multiple of 21?
True
Does 47 divide 1081?
True
Does 11 divide 1628?
True
Is 7377 a multiple of 3?
True
Is 8 a factor of 595?
False
Is 561 a multiple of 42?
False
Is 30 a factor of 1183?
False
Is 25 a factor of 53700?
True
Is 57 a factor of 1710?
True
Is 70 a factor of 1571?
False
Is 3768 a multiple of 81?
False
Is 758 a multiple of 38?
False
Is 5 a factor of 1025?
True
Does 110 divide 49925?
False
Is 1051 a multiple of 59?
False
Does 49 divide 13699?
False
Is 6 a factor of 3967?
False
Does 5 divide 16348?
False
Does 9 divide 936?
True
Is 19 a factor of 3781?
True
Does 52 divide 15912?
True
Is 5 a factor of 12309?
False
Is 1890 a multiple of 45?
True
Is 3 a factor of 1231?
False
Is 540 a multiple of 3?
True
Is 825 a multiple of 15?
True
Is 308 a multiple of 28?
True
Is 11 a factor of 8745?
True
Is 35 a factor of 822?
False
Is 3001 a multiple of 4?
False
Is 7 a factor of 364?
True
Is 2379 a multiple of 45?
False
Is 264 a multiple of 22?
True
Does 51 divide 6034?
False
Does 67 divide 804?
True
Is 237 a multiple of 8?
False
Is 12 a factor of 19298?
False
Does 16 divide 112?
True
Does 7 divide 1890?
True
Is 3370 a multiple of 134?
False
Is 5759 a multiple of 91?
False
Is 16800 a multiple of 56?
True
Is 37283 a multiple of 23?
True
Does 3 divide 576?
True
Is 1560 a multiple of 9?
False
Is 7 a factor of 26765?
False
Is 18620 a multiple of 35?
True
Does 263 divide 62286?
False
Is 28 a factor of 12796?
True
Is 20 a factor of 4300?
True
Is 15 a factor of 1776?
False
Does 9 divide 2592?
True
Is 51063 a multiple of 41?
False
Is 20 a factor of 2200?
True
Is 958 a multiple of 5?
False
Is 14 a factor of 45300?
False
Is 1680 a multiple of 6?
True
Does 58 divide 15148?
False
Is 1105 a multiple of 17?
True
Is 15 a factor of 338?
False
Is 287 a multiple of 4?
False
Is 10 a factor of 31790?
True
Does 34 divide 6018?
True
Is 22 a factor of 83?
False
Is 283 a multiple of 7?
False
Is 567 a multiple of 21?
True
Does 48 divide 26515?
False
Is 149 a multiple of 2?
False
Is 58110 a multiple of 243?
False
Is 23 a factor of 506?
True
Does 13 divide 209?
False
Does 14 divide 5838?
True
Is 7224 a multiple of 17?
False
Is 27 a factor of 1080?
True
Does 63 divide 3508?
False
Is 2263 a multiple of 31?
True
Is 1064 a multiple of 14?
True
Does 10 divide 4530?
True
Is 27 a factor of 7506?
True
Is 154 a factor of 35420?
True
Does 21 divide 903?
True
Is 16 a factor of 14176?
True
Does 6 divide 1878?
True
Is 512 a multiple of 6?
False
Is 27860 a multiple of 167?
False
Is 9 a factor of 1854?
True
Is 48 a factor of 36480?
True
Is 7625 a multiple of 2?
False
Is 57 a multiple of 19?
True
Is 5 a factor of 268?
False
Does 6 divide 1914?
True
Is 12424 a multiple of 64?
False
Is 70541 a multiple of 13?
False
Does 42 divide 8614?
False
Does 52 divide 63?
False
Does 7 divide 1291?
False
Is 45 a factor of 135?
True
Does 29 divide 2001?
True
Is 2 a factor of 59?
False
Is 70 a factor of 12460?
True
Is 4568 a multiple of 89?
False
Is 14 a factor of 1988?
True
Is 430 a multiple of 10?
True
Is 112 a factor of 1456?
True
Does 5 divide 425?
True
Is 23 a factor of 14758?
False
Is 39 a factor of 286?
False
Is 37 a factor of 407?
True
Does 18 divide 1394?
False
Does 28 divide 644?
True
Is 201 a factor of 43320?
False
Does 333 divide 67932?
True
Is 12083 a multiple of 117?
False
Is 994 a multiple of 14?
True
Is 51 a factor of 1428?
True
Is 117 a multiple of 9?
True
Does 17 divide 2282?
False
Is 28 a factor of 18340?
True
Does 17 divide 573?
False
Is 1257 a multiple of 31?
False
Is 1404 a multiple of 108?
True
Does 13 divide 216?
False
Does 17 divide 1208?
False
Is 32 a factor of 15301?
False
Is 20 a factor of 1243?
False
Does 16 divide 2112?
True
Is 14 a factor of 5082?
True
Does 12 divide 1248?
True
Is 52 a multiple of 33?
False
Is 193 a factor of 22195?
True
Is 372 a multiple of 31?
True
Does 15 divide 23202?
False
Is 18821 a multiple of 5?
False
Is 31 a factor of 606?
False
Does 16 divide 6303?
False
Does 134 divide 46921?
False
Is 152 a multiple of 4?
True
Does 30 divide 2062?
False
Does 11 divide 144628?
True
Is 11 a factor of 10109?
True
Is 90 a factor of 4590?
True
Does 26 divide 1462?
False
Is 29 a factor of 10121?
True
Does 5 divide 18900?
True
Is 9 a factor of 34614?
True
Does 45 divide 4306?
False
Is 2826 a multiple of 32?
False
Is 4 a factor of 32?
True
Does 14 divide 14?
True
Is 12 a factor of 312?
True
Is 13664 a multiple of 16?
True
Is 114 a factor of 34937?
False
Is 3597 a multiple of 11?
True
Does 16 divide 1696?
True
Does 195 divide 36717?
False
Does 12 divide 1636?
False
Is 5707 a multiple of 120?
False
Is 53 a multiple of 53?
True
Is 82 a factor of 15602?
False
Is 30 a factor of 29790?
True
Is 28 a factor of 1568?
True
Does 35 divide 19705?
True
Is 22 a factor of 682?
True
Is 27 a factor of 66931?
False
Does 19 divide 2458?
False
Does 4 divide 10653?
False
Is 61 a factor of 19609?
False
Does 14 divide 4732?
True
Is 5167 a multiple of 23?
False
Is 11 a factor of 20084?
False
Is 18 a factor of 2016?
True
Is 30 a factor of 24383?
False
Does 37 divide 1154?
False
Is 11 a factor of 210?
False
Is 62 a factor of 44392?
True
Is 17 a factor of 17340?
True
Is 5340 a multiple of 15?
True
Is 4400 a multiple of 25?
True
Is 2 a factor of 101?
False
Does 19 divide 589?
True
Does 19 divide 1026?
True
Is 123 a factor of 65682?
True
Does 60 divide 36180?
True
Does 3 divide 1497?
True
Does 13 divide 15?
False
Is 2990 a multiple of 24?
False
Is 234 a multiple of 7?
False
Is 92 a factor of 9050?
False
Is 8 a factor of 31058?
False
Is 3261 a multiple of 166?
False
Is 132048 a multiple of 393?
True
Does 6 divide 1144?
False
Does 54 divide 114441?
False
Does 24 divide 52025?
False
Is 7128 a multiple of 11?
True
Does 22 divide 10413?
False
Is 9 a factor of 157?
False
Does 3 divide 239?
False
Is 9659 a multiple of 98?
False
Is 31189 a multiple of 512?
False
Is 65417 a multiple of 11?
True
Is 9122 a multiple of 79?
False
Does 16 divide 13536?
True
Does 20 divide 801?
False
Does 54 divide 2097?
False
Is 41132 a multiple of 27?
False
Is 3828 a multiple of 29?
True
Does 15 divide 810?
True
Does 32 divide 508?
False
Is 147 a factor of 1323?
True
Is 62 a factor of 513?
False
Does 14 divide 322?
True
Does 31 divide 2553?
False
Does 21 divide 483?
True
Is 6644 a multiple of 151?
True
Does 10 divide 880?
True
Is 7 a factor of 8001?
True
Is 30 a factor of 25371?
False
Is 73 a factor of 949?
True
Is 4 a factor of 3808?
True
Is 11 a factor of 4729?
False
Is 2068 a multiple of 195?
False
Is 34920 a multiple of 72?
True
Is 12954 a multiple of 18?
False
Is 17204 a multiple of 11?
True
Is 31 a factor of 1054?
True
Does 6 divide 4248?
True
Is 12403 a multiple of 6?
False
Does 54 divide 1323?
False
Does 12 divide 636?
True
Does 56 divide 876?
False
Is 2808 a multiple of 104?
True
Does 87 divide 174?
True
Is 8667 a multiple of 9?
True
Does 29 divide 1256?
False
Does 116 divide 37769?
False
Is 352 a multiple of 16?
True
Does 6 divide 34076?
False
Is 39 a factor of 1993?
False
Is 11 a factor of 7018?
True
Is 25302 a multiple of 17?
False
Is 41385 a multiple of 15?
True
Is 155 a factor of 16065?
False
Is 9 a factor of 279?
True
Is 22 a factor of 734?
False
Does 50 divide 3000?
True
Does 66 divide 178?
False
Does 5 divide 374?
False
Is 18400 a multiple of 25?
True
Is 1834 a multiple of 21?
False
Does 15 divide 7365?
True
Is 638 a multiple of 58?
True
Is 17 a factor of 1581?
True
Is 4 a factor of 1260?
True
Is 19 a factor of 37476?
False
Is 4349 a multiple of 10?
False
Is 31 a factor of 42030?
False
Is 8854 a multiple of 38?
True
Does 8 divide 55384?
True
Is 23 a factor of 2714?
True
Is 73 a multiple of 2?
False
Does 6 divide 4188?
True
Does 178 divide 33176?
False
Is 1031 a multiple of 17?
False
Is 13185 a multiple of 9?
True
Is 68 a factor of 7096?
False
Does 187 divide 102289?
True
Is 1423 a multiple of 26?
False
Does 96 divide 1069?
False
Does 4 divide 2684?
True
Is 7 a factor of 581?
True
Is 6726 a multiple of 177?
True
Is 153 a factor of 45618?
False
Is 1872 a multiple of 18?
True
Is 16 a factor of 1696?
True
Does 4 divide 56?